 18)) + -4
7
Calculate 6 - (3 + 5 + -4).
2
What is the value of -3 + 3 + (-1 - -3 - 6)?
-4
Evaluate -9 - 2 - (-18 - -9).
-2
What is the value of -128 - -113 - (2 - 10)?
-7
What is the value of -8 - (12 + -13) - -9?
2
Evaluate -2 + -4 + 5 + -1 + 4.
2
Calculate -4 - (11 + -4) - -15.
4
What is the value of -17 - (-17 - (-1 - 9))?
-10
What is the value of 5 + -3 + 4 + -2?
4
Evaluate (9 - 0) + -16 + 12.
5
Evaluate 10 - (7 + (9 - 8)) - 8.
-6
-6 + 2 - (0 + 2) - -4
-2
Evaluate 3 - (-4 + -6 - -5 - -11).
-3
Calculate -1 + -2 + -7 + 2 + 7.
-1
What is the value of 2 + -9 + 3 + -4 + 5?
-3
Calculate 0 + 3 + 0 + -6.
-3
Calculate 4 + -13 + 2 + 2.
-5
What is 0 - (6 + (-1 - 2) - 5)?
2
0 + 3 + (-4 - -2)
1
Evaluate (-4 - (-16 - -2)) + -5 + -1.
4
What is the value of (10 - (-6 - -9)) + 1 + -3?
5
What is the value of -4 + (-2 - (-2 - 1)) + -1?
-4
What is 5 - (-2 + 1 + (5 - 2))?
3
What is the value of 1 + 0 + 1 + -2?
0
Calculate (-7 - -7) + (4 - 6).
-2
Evaluate -19 - -22 - (0 - -3).
0
What is the value of 5 - (2 - (3 + 0))?
6
4 + (2 - -1 - (27 + -21))
1
Calculate -1 - 0 - (-4 + 7).
-4
What is (-8 - (-2 - 7)) + (3 - 1)?
3
What is the value of -6 - (-7 + -8 - -15)?
-6
Calculate -10 + (21 - 0) + -5 + -1.
5
0 + ((6 - 2) + -6 - -4)
2
Calculate -17 - -10 - (-1 + -2).
-4
Calculate 5 - ((3 - -1) + -5 + 9).
-3
Evaluate (3 + 0 - -2) + -21 + 17.
1
Calculate 2 + -2 - (6 - 6).
0
Calculate -1 - 0 - (16 + -8 + -3).
-6
-2 + (-2 + 5 - 2)
-1
3 + (-4 - 4) + 0
-5
Evaluate -2 - (1 + -2 - (6 - 9)).
-4
Evaluate 12 - 2 - 13 - (-6 - -1).
2
What is 3 + (-4 - (0 - -3))?
-4
Evaluate (-1 - 7) + (7 + -8 - -5).
-4
Calculate (8 - (-3 - -5)) + 2 + -7.
1
(-3 - -4) + (1 - (3 + -4))
3
What is the value of (-4 - 3 - -2) + 3 + 0?
-2
Evaluate (4 - 3 - -3) + -5 + 2.
1
What is the value of (-8 - 2) + (77 - 68)?
-1
Evaluate -8 - -4 - (2 + 0 + -1).
-5
Calculate (-5 + 4 - -1) + (-1 - 2).
-3
What is the value of -1 + 5 + -4 - 0?
0
2 - (1 - (0 + -3 + 4))
2
What is 4 + -12 - (3 + -15)?
4
-6 + 12 + (0 - (4 - 6))
8
Evaluate 1 + -2 + (-9 - (-5 + -3)).
-2
What is the value of -6 - (-15 + 3) - 9?
-3
What is 3 + -10 - -13 - -2?
8
-6 + 6 - (-12 - -13)
-1
What is the value of 6 + -7 + (-1 - -3) + 0?
1
Calculate -23 + 13 + -1 + 6.
-5
What is 3 - (-5 + -3 + 8)?
3
Evaluate 7 + -19 + 5 + 5.
-2
Evaluate -2 + -1 + -1 + 3 - -6.
5
-5 - (1 + -1 + -5)
0
Evaluate -3 - (4 - (8 - -1)) - -3.
5
1 - -1 - -1 - (0 + 0)
3
Calculate 3 - ((-7 - (-1 + -4)) + 0).
5
What is 3 - 7 - (3 + -5)?
-2
Calculate 7 + 0 + -3 + -2 + 0.
2
Evaluate (1 - -8) + -5 + -1.
3
Evaluate 6 + (-7 - (15 - 6)).
-10
Evaluate -3 - ((-2 - (-1 + -2)) + -3).
-1
Calculate (3 - -2) + -4 + -2.
-1
What is the value of 12 + -6 + -2 + 1?
5
Calculate -6 + 5 - (1 + 1).
-3
Calculate -15 - (8 + -19) - -8.
4
What is the value of 1 + -9 + -8 + 12?
-4
What is 2 - (2 + (2 - -6))?
-8
(-5 - -1 - -1) + 1 - 1
-3
Calculate -6 + (-7 + 0 + 3 - -4).
-6
Calculate 0 - (-3 - 3 - -4 - -5).
-3
(-1 - (2 - 8)) + -247 + 248
6
What is -8 - (0 - 5) - 2?
-5
What is the value of (-1 - -3) + (-4 - (7 - 13))?
4
Evaluate (-11 + 6 - -7) + -3.
-1
Calculate (0 - -3) + 0 + -3.
0
What is (13 - 10) + -4 + -3?
-4
Evaluate (5 + -15 - -1) + 3.
-6
Calculate -2 + (-1 + 0 - 1).
-4
What is the value of 4 - ((5 - -2) + 0)?
-3
Evaluate -4 + 0 + (-2 - -6).
0
Evaluate (3 - (4 + -1) - 0) + 4.
4
Calculate 24 - 4 - (28 - 16).
8
Calculate -1 - 1 - (7 + (-8 - 0)).
-1
What is 1 + -1 + 57 + -54?
3
What is the value of 3 + -1 - ((-1 - 7) + 4)?
6
What is -7 + 2 - (43 - 48)?
0
What is the value of 1 - 0 - (3 - (9 - 1))?
6
What is -9 + 6 + -3 + 5?
-1
Calculate (-7 - (5 + -7 + -3)) + 0.
-2
Calculate 1 + 0 + (-2 - -5).
4
Evaluate -4 + (5 - 9) + 4.
-4
What is (-1 - 0 - (1 + -5)) + -4?
-1
What is 3 - (0 + -5 + 1 - -2)?
5
What is -13 - (-9 + 2) - -8?
2
What is 4 - 1 - (-1 + 8)?
-4
What is 5 + -18 + 5 + (9 - 7)?
-6
What is the value of -1 + 3 + (0 - -2) + 0?
4
What is (-5 - -4) + -4 - -8 - -3?
6
Calculate -2 + 7 + 3 + (2 - 6).
4
Calculate 1 - (4 + -2 + 1) - 0.
-2
10 + -7 - (7 - 4)
0
What is -7 + -1 - (5 + -11)?
-2
-10 + (3 - -10) - 10
-7
Calculate -49 - -47 - (1 - -1).
-4
What is the value of (0 + -4 - -3) + -2?
-3
6 + (-2 - (4 - (-4 - -6)))
2
0 - -3 - (-4 + 5)
2
What is the value of -8 + (3 - (-6 + 1))?
0
What is (9 - (-7 + 25)) + 5?
-4
-2 + (6 - 14) + 14
4
What is the value of 0 - ((-10 - -3) + 4)?
3
Evaluate 0 - 6 - (1 + -3).
-4
Calculate 6 + (-21 - -12) + 6.
3
What is (-1 - -16) + 1 - (561 - 554)?
9
Calculate 1 - 6 - 2 - -2.
-5
-1 - 1 - (12 + -7 + -2)
-5
Evaluate -4 + 3 + 0 + -3 + 7.
3
Calculate 5 + (3 + -3 - (4 + 0)).
1
Calculate 2 - 5 - ((-2 - -3) + -3).
-1
-8 - 1 - (-13 + 9)
-5
What is the value of -3 + -7 + 16 + -6 + 0?
0
4 + 1 + (3 - 3)
5
(8 - 1) + 1 + 2 + -5
5
Evaluate -1 - (2 - 5 - (-5 + -1)).
-4
Evaluate -4 + 2 + (-6 - -1) - 2.
-9
What is -3 - (1 + 1) - (-7 - 1)?
3
(-1 - -5) + 1 - 7
-2
What is 2 + -5 - (117 + -118)?
-2
Calculate (4 - (3 - -2)) + 1 - 3.
-3
Evaluate 1 + (-2 - 2 - (6 - 10)).
1
Evaluate (-140 - -139) + (0 - (0 - -2)).
-3
What is the value of -3 + 4 - 1 - 0?
0
Calculate 0 - (-2 - (0 + (1 - 1))).
2
What is the value of -3 - (-6 - -2) - 0?
1
What is -6 + 12 + -5 + 1?
2
What is the value of 2 + -1 + -9 + 5 + -3?
-6
Evaluate (-1 - (-3 + -1 + 1)) + -5.
-3
-2 + (2 + -1 + -2 - 1)
-4
-20 + 9 + (8 + -6 - -2)
-7
What is the value of 1 + (-5 - (2 - 10)) - 3?
1
What is the value of (-15 - -9) + -15 + 17?
-4
What is the value of 2 + 1 + -7 + 3 + -3?
-4
Evaluate 4 - (1 - (-2 - 2)).
-1
Calculate -5 - (-11 + 7) - (-3 + 0).
2
What is (-17 - -28 - 11) + 7 + 0?
7
Evaluate -11 - (-9 - -2) - 2 - -5.
-1
1 + -8 - (-46 + 39)
0
3 + -6 - (1 - 5 - -9)
-8
What is (-3 - (-7 + 1)) + -6?
-3
What is the value of 12 + (-6 - (-1 - -1))?
6
What is the value of (-11 + 19 - 12) + (2 - 3)?
-5
3 + -5 + -5 + 6 - 1
-2
What is the value of 6 + (2 - (2 - -4))?
2
Evaluate 10 + 0 + -9 + 4.
5
-3 + (1 - -5) + -2
1
Evaluate 4 + 0 + -1 + -22 + 15.
-4
What is the value of 10 + -9 + -3 + (-1 - 1)?
-4
What is 1 + -2 + -2 - (-3 + 0)?
0
Evaluate 1 + (0 - -12) + -7.
6
Calculate 0 + 2 + (-13 + 17 - -1).
7
What is -10 - ((4 - (-3 - -9)) + -2)?
-6
Evaluate 7 + (-2 - (-1 - -4 - 1)).
3
Evaluate -6 - -9 - ((-1 - 1) + -5).
10
(-3 - -5) + 0 + 1 + -4
-1
What is 9 - 13 - (5 + -11 + 0)?
2
What is 8 - (0 + -7 + 17)?
-2
Evaluate -3 - ((-7 - -3 - -3) + -1).
-1
Calculate 9 - (-5 - -14 - -6).
-6
What is the value of (3 - -5) + -11 - (-3 - 1)?
1
What is the value of 0 + -4 + (11 - 5) + -3?
-1
(0 - -1) + -10 + 3 - -3
-3
What is the value of 7 + -3 + -5 - 3?
-4
What is (-1 + -3 - -3) + -1?
-2
Evaluate 6 - (10 + (2 - 6)).
0
What is the value of -10 + 2 + -2 + 11 + -7?
-6
Evaluate 2 + (2 - 4) + 0.
0
What is the value of 2 + (-6 + -5 - -6)?
-3
5 + -5 - 3 - -3
0
What is the value of (4 - 0) + 3 + -2?
5
Evaluate (0 - (0 - 2)) + -6 - -6.
2
What is the value of (3 + -1 - -4) + (-4 - 0)?
2
Calculate -5 + 17 + (-2 - 5).
5
-1 + -6 - (2 + -4 - 1)
-4
What is -1 + (-4 - -3) - 1?
-3
What is the value of (-7 - -4) + 6 + -12?
-9
2 - (1 + (-4 - -8)) - 0
-3
What is the value of -2 + (-3 - -1) + 1?
-3
Calculate 0 - (-4 - (-3 + 0) - 0).
1
What is the value of -20 - -23 - ((2 - 0) + -3)?
4
(-9 - (-13 + -1)) + 0
5
Calculate 11 + -16 - -6 - 6.
-5
What is 4 + (1 + 0 - 0) + -8?
-3
What is (-2 - -3) + (6 - 2)?
5
What is 1 + 1 - (-63 - -71)?
-6
What is the value of -16 - -3 - (3 - 9)?
-7
What is 5 + 2 + 0 - (76 + -62)?
-7
What is the value of 7 + (-2 - (9 - 2))?
-2
What is (2 - -1) + (0 - 17) + 7?
-7
What is -4 - -7 - (4 + -11)?
10
What is 3 - (3 + (-3 - 1))?
4
What is the value of -161 + 167 - (-3 - (-2 + 4))?
11
-2 + (5 - (1 + 5))
-3
Evaluate 5 + -4 + -10 + 5.
-4
-2 - (1 + -3) - 4 - -2
-2
What is the value of (5 - 6) + -2 + 1 + -3?
-5
Evaluate 6 + -4 + -5 + -1 + 0.
-4
Calculate (-6 - 12) + 1 + 2 + 9.
-6
Calculate -1 + 0 + -4 + 8 + -8.
-5
7 + -2 + (10 - (6 + 4))
5
Calculate -2 - (1 + -1) - -7.
5
What is the value of (-3 - -3) + -4 - -7?
3
Evaluate -4 + (2 - 2) - -3 - 1.
-2
-1 + 2 - (8 - 10)
3
Calculate 5 - ((-2 - -5) + -3 + 5).
0
What is -1 - -5 - (0 - -5)?
-1
Calculate (6 - 11) + (3 + -2 - 0).
-4
What is the value of (-2 - (-1 - -1)) + -4 + 7?
1
Calculate (4 - 1 - 2) + -3.
-2
What is (-20 - (10 + -19)) + 5?
-6
Evaluate -5 + 3 + 0 - -11 - -1.
10
-2 - (4 + (-10 - -5)) - 2
-3
What is (0 - (-6 - 1)) + 6 + -9?
4
Eva